at is -200 + 331?
131
In base 13, what is -bc + -4c?
-13b
In base 3, what is -10 + 1102211?
1102201
In base 3, what is -1111002 - 1?
-1111010
In base 8, what is 1 - -7215?
7216
In base 7, what is -3 - -2312?
2306
In base 6, what is -2023 - -25?
-1554
In base 11, what is -7 + 3?
-4
In base 16, what is -1e82 - 1?
-1e83
In base 13, what is -4 + 56?
52
In base 16, what is d - -15?
22
In base 10, what is 1 + 87?
88
In base 16, what is -6 + 3f?
39
In base 3, what is 10 + 11102210?
11102220
In base 3, what is 211 + -11?
200
In base 5, what is 24300 + -10?
24240
In base 11, what is 11 - -9a?
100
In base 9, what is 4 - 218?
-214
In base 6, what is -25 + -5?
-34
In base 4, what is -2310 - -32?
-2212
In base 3, what is 210210 - 101?
210102
In base 10, what is 19 + -2?
17
In base 7, what is 32411 - 2?
32406
In base 5, what is -111 - -321?
210
In base 2, what is -11 + 100010?
11111
In base 11, what is 142 + 13a?
281
In base 15, what is -1 - -43b?
43a
In base 5, what is 130341 - 4?
130332
In base 9, what is 166 - 17?
148
In base 8, what is -30 + -216?
-246
In base 5, what is 21 - 11?
10
In base 3, what is -22201 + 0?
-22201
In base 11, what is 402 - -2?
404
In base 16, what is 5 + 1325?
132a
In base 12, what is 178 + -9?
16b
In base 6, what is -4 - 115?
-123
In base 7, what is -1 + 11?
10
In base 3, what is 121200 + -12?
121111
In base 14, what is 487 + 7?
490
In base 2, what is 10010100 - 1000?
10001100
In base 14, what is 388 + 1?
389
In base 13, what is 5 + -2?
3
In base 11, what is -1 - 58?
-59
In base 9, what is 28 + -1525?
-1486
In base 7, what is 2155 - -20?
2205
In base 7, what is -60 - -205?
115
In base 5, what is -32023 - -4?
-32014
In base 5, what is -242 + -1?
-243
In base 10, what is 97 + -7?
90
In base 10, what is -15 + -565?
-580
In base 13, what is -2 - -176?
174
In base 14, what is a - -18?
24
In base 15, what is -4 - add?
-ae2
In base 8, what is 557 - 1?
556
In base 9, what is 525 - 5?
520
In base 5, what is -41133 - -10?
-41123
In base 9, what is -56137 - -1?
-56136
In base 13, what is 0 - 27?
-27
In base 6, what is 252 + -111?
141
In base 2, what is 11 + 10111?
11010
In base 13, what is -a0 - 27?
-c7
In base 4, what is 1031 + -222?
203
In base 9, what is -468 - 18?
-487
In base 13, what is 90 - -2?
92
In base 7, what is 62 - -5?
100
In base 5, what is 3 - 1141?
-1133
In base 13, what is 16 - -62?
78
In base 9, what is -747 + 5?
-742
In base 5, what is -442 + 4?
-433
In base 9, what is -217 + 7?
-210
In base 10, what is 12 - 0?
12
In base 14, what is 1 - -20d?
210
In base 7, what is -56 - 5?
-64
In base 11, what is -4 - -6?
2
In base 15, what is 217 - 3?
214
In base 13, what is -69 - 3?
-6c
In base 11, what is -6a - -6?
-64
In base 14, what is -4 - -20d?
209
In base 16, what is -1ab - 2?
-1ad
In base 15, what is -1e - -19?
-5
In base 4, what is 10120 - 3?
10111
In base 9, what is -413 - 3?
-416
In base 9, what is -1162 - -16?
-1145
In base 11, what is 34 + -26?
9
In base 16, what is -2d0 - 0?
-2d0
In base 3, what is 10 - -2121?
2201
In base 14, what is -49 - 1?
-4a
In base 4, what is -23031 + 0?
-23031
In base 6, what is 2 + -52?
-50
In base 7, what is 3 - -261?
264
In base 13, what is -1c + -3c?
-5b
In base 15, what is 1e - -11?
30
In base 12, what is 3 - -217?
21a
In base 13, what is 1 - 341?
-340
In base 13, what is 24a + 3?
250
In base 13, what is -48 - -2?
-46
In base 13, what is -8a - 5?
-92
In base 16, what is -3 + 1b2?
1af
In base 8, what is -3773 + 3?
-3770
In base 12, what is 2 - b5?
-b3
In base 9, what is -12 + -22?
-34
In base 8, what is 105562 + 2?
105564
In base 10, what is 7 - 15?
-8
In base 15, what is -6 + -1b?
-22
In base 4, what is -1 + 2031?
2030
In base 15, what is -3 + 36a?
367
In base 9, what is -558 + 5?
-553
In base 3, what is 200 - -1000?
1200
In base 15, what is -9 - -a?
1
In base 3, what is 21 + -10022?
-10001
In base 8, what is 41 + -10?
31
In base 15, what is -2b - -34?
8
In base 15, what is -a + -1?
-b
In base 7, what is 1404 - -103?
1510
In base 3, what is -20202 - -20?
-20112
In base 11, what is -9 - 52?
-60
In base 12, what is 3 + -37?
-34
In base 15, what is -180 - a?
-18a
In base 5, what is 11 + 433?
444
In base 4, what is 1 + -11002?
-11001
In base 14, what is -5 + -a59?
-a60
In base 5, what is -11310 + -10?
-11320
In base 3, what is -21 - -22?
1
In base 6, what is 2411 - 25?
2342
In base 3, what is 22020 + 11012?
110102
In base 6, what is -3 - -213?
210
In base 11, what is -8 + 82?
75
In base 10, what is 308 + 2?
310
In base 8, what is -734 - 0?
-734
In base 16, what is 4 + -4?
0
In base 11, what is -12a4 + -2?
-12a6
In base 9, what is 38771 - -4?
38775
In base 5, what is -20 + 233?
213
In base 15, what is 5 - -8c8?
8cd
In base 14, what is -89 + -3?
-8c
In base 13, what is 4b79 - 4?
4b75
In base 11, what is -1422 - -4?
-1419
In base 16, what is -1595 - -5?
-1590
In base 5, what is -114 + -13?
-132
In base 10, what is -4 - -3318?
3314
In base 10, what is 25 + -35?
-10
In base 9, what is 10 + 312?
322
In base 5, what is -14 - -21?
2
In base 5, what is -2130 - -40?
-2040
In base 16, what is 31 - -16?
47
In base 4, what is 11 + -213?
-202
In base 14, what is -1 - -3?
2
In base 14, what is 68d - -4?
693
In base 8, what is -4 - 2515?
-2521
In base 5, what is 4 - -1?
10
In base 7, what is 5 + 14?
22
In base 6, what is 113 - 243?
-130
In base 12, what is 25 - 1?
24
In base 14, what is 850 - -4?
854
In base 10, what is -5 - 20?
-25
In base 4, what is -1 - -312201?
312200
In base 5, what is 4 + -3311?
-3302
In base 11, what is 127 + 5?
131
In base 10, what is -2 - -2180?
2178
In base 16, what is c98 + 5?
c9d
In base 3, what is 1102 - -11?
1120
In base 12, what is -3 - 234?
-237
In base 7, what is 1 + 3642?
3643
In base 5, what is 1032 - -3?
1040
In base 11, what is -353 + 4?
-34a
In base 4, what is 10 - 1202?
-1132
In base 9, what is 7 + 24?
32
In base 11, what is 750 - -2?
752
In base 4, what is 1102 + 21?
1123
In base 13, what is 79 + 35?
b1
In base 16, what is -25c + -b?
-267
In base 13, what is 1 - 124?
-123
In base 13, what is 23 - -251?
274
In base 13, what is 188 - 0?
188
In base 3, what is 102202 - 1?
102201
In base 12, what is -14 - 3b?
-53
In base 8, what is 235 + 1?
236
In base 14, what is -1 + -646?
-647
In base 5, what is 20 - 144?
-124
In base 8, what is -14 - -47?
33
In base 10, what is 1 + -197?
-196
In base 13, what is 3 - 33?
-30
In base 8, what is 477 + 0?
477
In base 5, what is -3 + -2012?
-2020
In base 5, what is 0 + 2243?
2243
In base 3, what is 10 + 1222?
2002
In base 11, what is 5 + 0?
5
In base 10, what is 1 + -51?
-50
In base 8, what is 24 - 125?
-101
In base 2, what is -101011111100111 - -100?
-101011111100011
In base 7, what is 40 + -1?
36
In base 2, what is -1 - 111111?
-1000000
In base 5, what is -433 - 0?
-433
In base 16, what is 45 - 0?
45
In base 5, what is -1 + -144?
-200
In base 14, what is ab + -5?
a6
In base 7, what is -4 - 5045?
-5052
In base 5, what is -4 + 3213?
3204
In base 16, what is 3ab + -5?
3a6
In base 8, what is 0 + 127?
127
In base 7, what is -50 + -63?
-143
In base 11, what is -27 - -60?
34
In base 5, what is -1100 - 23?
-1123
In base 8, what is -127 - 0?
-127
In base 14, what is 0 + -54?
-54
In base 9, what is 43 + 75?
128
In base 2, what is 10 + 1000011?
1000101
In base 13, what is -96 - -2?
-94
In base 3, what is 2 + 210020?
210022
In base 9, what is 153 - 82?
61
In base 8, what is -53 - 5?
-60
In base 6, what is -1 - 115?
-120
In base 13, what is -3a3 - -1a?
-386
In base 9, what is 533 - -14?
547
In base 4, what is -231013 + 11?
-231002
In base 13, what is 8 - b?
-3
In base 8, what is 7 + -27?
-20
In base 7, what is 5 + -1341?
-1333
In base 6, what is -222 + -10?
-232
In base 14, what is 158d - -1?
1590
In base 9, what is -2 + -146?
-148
In base 15, what is 67 - 36?
31
In base 16, what is -5 - -b18?
b13
In base 11, what is -5a0 + 0?
-5a0
In base 3, what is -20012 - 10?
-20022
In base 12, what is b3 - -4?
b7
In base 12, what is -3 + 5?
2
In base 12, what is 1078 - 3?
1075
In base 4, what is -2 + -12311?
-12313
In base 8, what is 177 - 4?
173
In base 2, what is 10001010 + 11?
10001101
In base 8, what is -12 + 12?
0
In base 11, what is 5 - 2a75?
-2a70
In base 14, what is 2 - -b9?
bb
In base 15, what is c - -1a9?
1b6
In base 4, what is -10 + -112?
-122
In ba